 9, 0 = r - d - 7. What is the units digit of r?
6
Let b(m) = m**2 - 4*m - 4. Let c be b(12). Suppose -9 + 29 = 2*u. Suppose -3*x + u + c = 0. What is the units digit of x?
4
Let n be (-3 + (-12)/6)*-5. Suppose -3*w + 45 + 41 = 5*v, w = 2*v + n. What is the tens digit of w?
2
Suppose 75596 = 4*w - c, -2*c - 15202 = 5*w - 109710. What is the ten thousands digit of w?
1
Let i(j) = 743*j**2 + 18*j - 53. What is the tens digit of i(8)?
4
Suppose -4*f - 3*j - j = 600, f - 2*j + 150 = 0. Let r = f - -36. Let q = r - -164. What is the tens digit of q?
5
Let x(m) = -128*m - 206. Suppose 3 = -o + 2*g, 1 - 20 = 3*o + 4*g. What is the hundreds digit of x(o)?
4
Suppose -3*k = -5*r + 51, r - 56 = 3*k - 17. Let v be 4/6*-1*k/2. Suppose -4*g = 2*z - 3*z - 662, v*g + 4*z - 652 = 0. What is the hundreds digit of g?
1
Let z = -435 + 783. What is the hundreds digit of z?
3
Let w = -423 - -545. Let s = w + 215. What is the tens digit of s?
3
Let y(l) = -21*l + 36. Let s be y(5). Let j = 66 + s. What is the units digit of 45*((-4)/j + 2)?
0
Suppose 87*a + 30 = 82*a. What is the tens digit of (a + 4)/1 + (1 - -233)?
3
Suppose t + 12 = 4*t. Suppose -2231*c = -2207*c - 2688. Suppose -3*y - c = -5*f - t*y, 2*f - 37 = -3*y. What is the tens digit of f?
2
Let q(k) = k**2 - 2*k - 8. Let d be q(5). Suppose 0 = -4*r + 4*t + 684, 2*r + d*t - 2*t = 314. What is the hundreds digit of r?
1
Let a be (-20)/8*(-25256)/35. Let j = -1268 + a. What is the units digit of j?
6
Suppose -5*v = 3*y - 440, 3*v + 548 = 4*y - 0*v. Suppose 4*i - 656 = y. What is the tens digit of i?
9
Let f = 18122 - -20718. What is the thousands digit of f?
8
Let b be (1 - -5)/((-42)/(-28)). Let d = -1 + 7. Suppose 2*u - d*u = -b. What is the units digit of u?
1
Suppose 5*d = 4*j - 55, -d - d = -4*j + 46. Let a be 5/(-2)*((-142)/j + 3). Let n = a + 0. What is the units digit of n?
8
Let r = 32903 - 24161. What is the thousands digit of r?
8
Let o(p) = p**2 - 9*p - 6. Let k be o(10). Suppose k*y - 4*h + 420 = 0, 0 = y + h + 160 - 59. Let g = 207 + y. What is the hundreds digit of g?
1
Suppose 7 = 2*o + 1. Let y(a) = 2*a**3 + 11*a - 3 - 174*a**2 + 192*a**2 - o. What is the units digit of y(-8)?
4
Suppose 4*g - 2*j = 5780 - 1886, 3*g - 2924 = -2*j. What is the units digit of g?
4
What is the tens digit of -17 + 2910/170 + (-831)/(-17)?
4
Let k = -67 + 85. Suppose -187 = 7*g - k*g. What is the tens digit of g?
1
Let i be 6/(-33) - (13/(-11) + 1). Suppose i = -z - 4*u + 267, 0*z + u - 1335 = -5*z. What is the tens digit of z?
6
Let l = -1828 - -3526. Suppose -21*h + 8670 = l. What is the tens digit of h?
3
Let k = -14725 - -38576. What is the ten thousands digit of k?
2
Let t = -5 + 3. Let k(b) = -3*b**2 - 10*b - 5. Let h be k(t). Suppose -4*s + 430 = -2*m, 4*s - 5*m = h*s + 112. What is the hundreds digit of s?
1
Let u(l) be the second derivative of -l**3/3 + 7*l**2/2 - 4*l - 34. Suppose 0 = -t + 4 - 1. What is the units digit of u(t)?
1
Suppose -2*p + 9 = -3*p. Let k(u) be the second derivative of -5*u**3/6 + 3*u**2 - 2*u + 518. What is the tens digit of k(p)?
5
Suppose 2*o + 555 = -3*f, -5*f = -0*o + 5*o + 925. Let m be -2*(-5 + f/10). Let l = m - -72. What is the units digit of l?
9
Let y be 1*(-52)/(2 + 2). Let j(o) = -11*o + 10. Let m be j(y). Let t = m - 90. What is the tens digit of t?
6
What is the thousands digit of ((-183164)/(-8) - 9)*(-40)/(-70)?
3
Let q(a) = 75 - 9*a - 34 - 3*a. What is the tens digit of q(-6)?
1
Suppose 3*g - 23620 = -2*h, -g = 9*h - 6*h - 7864. What is the tens digit of g?
7
What is the units digit of (-1241)/(-1)*-6*3/(-6)?
3
Let y = 48 - 45. Suppose 0 = -4*l - y*a + 885, -4*l + 2*a + 864 + 26 = 0. What is the hundreds digit of l?
2
Let b be 12/(-4) + -1 + 15412. Suppose -3110 = 11*s - b. What is the hundreds digit of s?
1
Suppose -3*w + 7*p = 4*p - 294, -3*p - 494 = -5*w. Suppose -w*z = -98*z - 630. What is the units digit of z?
5
Suppose 127 = 9*p - 71. Let n(c) = 17*c - 53. What is the hundreds digit of n(p)?
3
Let q be -60*(2 + 9/(-6)). Let d be (q/(-7))/(1/7). What is the units digit of (-9)/((-27)/d) + -3?
7
Suppose 9*x - 156491 = 267742. What is the thousands digit of x?
7
Let h = 29 + -31. Let k(w) = -2*w**2 + 35*w + 12. Let g be k(18). What is the units digit of h/6*(g/(-3) - 5)?
1
Suppose -18*q - 26*q = -0*q - 497068. What is the units digit of q?
7
Let n(j) = -61*j**2 + 168*j**3 - 54*j**2 + 115*j**2 - 2 + 2*j. What is the tens digit of n(1)?
6
Suppose -6*l - 183 = -147. What is the tens digit of (-9876)/16*-8*l/(-36)?
2
Suppose 6*h - 12*h = -12. Suppose -2*t - 4 = 0, h*x + t - 1382 = 6. What is the units digit of x?
5
Suppose 121*f - 2953954 - 2148943 + 1618581 = 0. What is the ten thousands digit of f?
2
Let k(h) = 391*h + 58. Let r be k(4). Let g = -803 + r. What is the units digit of g?
9
Let l(r) = -3497*r - 18. What is the hundreds digit of l(-1)?
4
Let j be 14/91 - (-22)/26. Let u(b) = -j - 3*b**2 + 11*b**2 + 2*b**2 + 2. What is the units digit of u(-1)?
1
Suppose 5*o + 539490 = 24*o + 11*o. What is the units digit of o?
3
Let k = -164 + 242. Let g = k + -75. Suppose 0*i - 4*i + v = -390, 0 = 4*i - g*v - 394. What is the units digit of i?
7
Let d = -524 + 3310. What is the thousands digit of d?
2
Suppose 2*i = -k - 8, i + k = 3*k + 6. Let b(f) = -218*f - 42. What is the tens digit of b(i)?
9
Suppose 11 = 3*w - 5*i, 2*w = 4*i - 5*i + 3. Let z(d) = -d**2 - 205 + w*d + 205 + 35*d**3. What is the units digit of z(1)?
6
Let h = -186 - -79. Suppose 10*x - 874 = 1266. Let v = x + h. What is the tens digit of v?
0
Suppose 0 = f + 5*q + 14, q + 0*q = 4*f - 7. What is the units digit of (-204330)/(-336) - 2*f/16?
8
What is the tens digit of (-364 - -2)/(278/(-22379))?
4
Let w = -33 - -41. Suppose 15 = w*x - 3*x. Suppose -2*r + z = -x*r + 95, -75 = -r - 5*z. What is the units digit of r?
0
Let l = 140 - 136. Suppose l*n = 5*u + 37, -4*u - 1 = 19. Suppose -2*c = -c + j - 115, 4*j = -n*c + 343. What is the hundreds digit of c?
1
Let w(s) = 9*s**2 + 5*s - 8. Let z(p) = p**3 - 5*p**2 + 3*p - 2. Let o be z(4). Let c be w(o). Let r = -83 + c. What is the units digit of r?
3
Let l be 4/(-10)*-15 - 3/1. Suppose -8*b + 1970 = 5*f - 4*b, f - l*b - 375 = 0. What is the hundreds digit of f?
3
Let m(p) = -4 - 2*p**2 + 13 - 51 + 3*p**2 - 11*p. Let f be m(18). Suppose f - 7 = k. What is the units digit of k?
7
Let m = -1275 - -3458. Suppose -5*g = -4*a - m, 5*a = 7*g - 3*g - 1750. What is the units digit of g?
5
Let d(o) = -226*o + 2*o**2 + 201*o + 28 - 3*o**2. Let z be d(-26). Suppose 3*s = z*g - 285, 0*s = 3*g + s - 444. What is the tens digit of g?
4
Let a(z) = -2*z**3 - 10*z**2 + 5*z - 43. Let o be a(-10). Let m = -454 + o. What is the hundreds digit of m?
4
Suppose -12*n + 17458 = -2966. What is the hundreds digit of n?
7
Let n be (5 - 3) + -1 + 30. Let o = -4 + n. What is the units digit of o?
7
Let g = 296 + -297. Let h(u) = 1418*u**2 + 12*u + 9. What is the units digit of h(g)?
5
Let z(v) = v**3 - 15*v**2 - 10*v + 78. Let k be z(16). Suppose -3*c - 209 = -r, -3*r + 4*r + 4*c = k. What is the hundreds digit of r?
1
Suppose -4*z = -122 + 170. Let t be ((-736)/z)/((-24)/(-9) + -2). Let d = -5 + t. What is the tens digit of d?
8
Suppose -3*w = 3*a - 915, -a - 3*w + w = -301. Suppose 0 = -n + 2*n - a. What is the hundreds digit of n?
3
Let d be 5*(-7)/7*-45. Let b(g) = -g**3 - 5*g**2 + 4*g - 8. Let q be b(-6). Suppose -4*z + 59 = i, d = 3*i - 0*z - q*z. What is the tens digit of i?
7
Suppose -5*c - 2 = -27, -2*d - 2*c + 34 = 0. Suppose 2*o - d - 24 = 4*b, 0 = -2*b - 6. What is the units digit of 2 + 90 + (-4)/o*-6?
4
Let h be 3*4/3*1. Suppose h = -v + 7. Suppose -3*b = -v*j + j - 85, j = -5*b + 146. What is the units digit of b?
9
Suppose 5*b + 5*p - 9910 = 0, -537*b + 5*p + 9890 = -532*b. What is the units digit of b?
0
Let w(x) = 20*x**2 + 53*x - 512. What is the units digit of w(13)?
7
Suppose -2*v + 614 = 2*c, -1530 = -5*v - 9*c + 5*c. Suppose -3*i + 81 = 2*y - v, -2*y + 2 = 0. What is the units digit of i?
7
Suppose 5*n - 18 = -13. Suppose -a + 28 = -4*m, -4*a + 3*m + 32 = 7*m. Suppose j - n = a. What is the units digit of j?
3
Suppose -183 = 2*a + 275. Let z = -179 - a. What is the units digit of z?
0
Let s = -106 - -106. Suppose -875 = -m + 4*n, -8*m + 4*m + 5*n + 3478 = s